4337416 is divided by 181.
113
What is the remainder when 27762 is divided by 900?
762
What is the remainder when 1028084 is divided by 3855?
2654
What is the remainder when 429489 is divided by 2334?
33
Calculate the remainder when 82651416 is divided by 121.
67
Calculate the remainder when 42259 is divided by 683.
596
What is the remainder when 516708 is divided by 291?
183
Calculate the remainder when 2924215 is divided by 974737.
4
Calculate the remainder when 1412748 is divided by 192.
12
Calculate the remainder when 457521 is divided by 5315.
431
What is the remainder when 1311583 is divided by 33?
31
Calculate the remainder when 477557 is divided by 958.
473
What is the remainder when 3828498 is divided by 1914233?
32
Calculate the remainder when 239863 is divided by 18450.
13
What is the remainder when 680380 is divided by 8836?
8
What is the remainder when 17134391 is divided by 2447770?
1
What is the remainder when 3509163 is divided by 36?
27
Calculate the remainder when 217053 is divided by 13.
5
Calculate the remainder when 8664605 is divided by 64.
29
What is the remainder when 176393 is divided by 504?
497
Calculate the remainder when 935467 is divided by 8273.
618
What is the remainder when 191320 is divided by 17386?
74
What is the remainder when 5371925 is divided by 1790607?
104
Calculate the remainder when 24889705 is divided by 497794.
5
Calculate the remainder when 32724245 is divided by 64.
21
Calculate the remainder when 12472348 is divided by 75.
73
What is the remainder when 219875 is divided by 3186?
41
What is the remainder when 157279582 is divided by 659?
6
Calculate the remainder when 2221084 is divided by 1357.
1032
What is the remainder when 742800 is divided by 5807?
5311
Calculate the remainder when 1276733 is divided by 198.
29
Calculate the remainder when 1007783 is divided by 13805.
18
Calculate the remainder when 332844306 is divided by 51.
48
What is the remainder when 539267 is divided by 134708?
435
What is the remainder when 889769 is divided by 1846?
1843
Calculate the remainder when 2538792 is divided by 1816.
24
What is the remainder when 119227 is divided by 666?
13
What is the remainder when 347877 is divided by 344?
93
What is the remainder when 3480811 is divided by 3048?
3043
What is the remainder when 996953 is divided by 828?
41
What is the remainder when 23829 is divided by 13?
0
Calculate the remainder when 3038560 is divided by 132.
52
Calculate the remainder when 47201538 is divided by 7.
6
What is the remainder when 7402026 is divided by 7401945?
81
Calculate the remainder when 2467721 is divided by 177.
164
Calculate the remainder when 37705488 is divided by 2356593.
0
What is the remainder when 393264 is divided by 561?
3
What is the remainder when 28516050 is divided by 14258008?
34
What is the remainder when 430683 is divided by 143185?
1128
Calculate the remainder when 434977 is divided by 4885.
212
What is the remainder when 3239511 is divided by 508?
503
Calculate the remainder when 174303 is divided by 19367.
0
What is the remainder when 24404 is divided by 9994?
4416
What is the remainder when 1502104 is divided by 30025?
854
What is the remainder when 150445983 is divided by 6574?
6567
What is the remainder when 4155530 is divided by 616?
610
What is the remainder when 6821055 is divided by 2224?
47
Calculate the remainder when 68944 is divided by 13787.
9
Calculate the remainder when 739450 is divided by 184854.
34
Calculate the remainder when 11795532 is divided by 95898.
78
Calculate the remainder when 30635 is divided by 15125.
385
What is the remainder when 19051473 is divided by 2493?
2460
Calculate the remainder when 1218949979 is divided by 85.
84
What is the remainder when 94844 is divided by 18962?
34
Calculate the remainder when 31579379 is divided by 2429182.
13
What is the remainder when 7307392 is divided by 23198?
22
What is the remainder when 96395683 is divided by 517?
516
Calculate the remainder when 4992342 is divided by 51.
3
What is the remainder when 26572 is divided by 3314?
60
What is the remainder when 17883615 is divided by 300?
15
Calculate the remainder when 20800208 is divided by 12051.
182
What is the remainder when 38698960 is divided by 3997?
6
What is the remainder when 125805657 is divided by 15?
12
Calculate the remainder when 964460 is divided by 667.
645
What is the remainder when 1056307 is divided by 2332?
2243
What is the remainder when 2483957 is divided by 30?
17
Calculate the remainder when 7759829 is divided by 5919.
20
Calculate the remainder when 4821052 is divided by 535671.
13
Calculate the remainder when 701258 is divided by 161.
103
What is the remainder when 69292782 is divided by 44?
42
What is the remainder when 13877 is divided by 11795?
2082
Calculate the remainder when 1717675 is divided by 1511.
1179
What is the remainder when 3108030 is divided by 639?
573
What is the remainder when 473265 is divided by 17518?
279
What is the remainder when 101501101 is divided by 4613685?
31
Calculate the remainder when 976647 is divided by 505.
482
What is the remainder when 247871 is divided by 49484?
451
Calculate the remainder when 3036345 is divided by 1518155.
35
Calculate the remainder when 6105293 is divided by 76.
61
What is the remainder when 23500 is divided by 1563?
55
Calculate the remainder when 2309809 is divided by 641.
286
Calculate the remainder when 32815955 is divided by 67.
25
Calculate the remainder when 266806 is divided by 328.
142
What is the remainder when 673579 is divided by 1655?
1649
What is the remainder when 166592 is divided by 2343?
239
What is the remainder when 1422261 is divided by 313?
302
What is the remainder when 61314148 is divided by 33?
16
Calculate the remainder when 440530 is divided by 9791.
9726
Calculate the remainder when 6539389 is divided by 376.
373
What is the remainder when 37764 is divided by 325?
64
Calculate the remainder when 28441466 is divided by 2370119.
38
Calculate the remainder when 1217423 is divided by 160.
143
Calculate the remainder when 822759 is divided by 2126.
2123
Calculate the remainder when 75675 is divided by 2370.
2205
Calculate the remainder when 2156284 is divided by 76.
12
Calculate the remainder when 129133 is divided by 28.
25
What is the remainder when 86682 is divided by 27?
12
What is the remainder when 9484723 is divided by 4742359?
5
What is the remainder when 99464687 is divided by 204?
203
What is the remainder when 113089058 is divided by 28272255?
38
Calculate the remainder when 15050627 is divided by 5016872.
11
What is the remainder when 12054754 is divided by 1537?
63
What is the remainder when 236051 is divided by 227?
198
What is the remainder when 216418 is divided by 14669?
11052
Calculate the remainder when 368521 is divided by 121607.
3700
Calculate the remainder when 50255507 is divided by 194.
1
What is the remainder when 22141753 is divided by 207?
205
What is the remainder when 476052 is divided by 52888?
60
What is the remainder when 9111889 is divided by 2277969?
13
What is the remainder when 27388924 is divided by 76?
44
What is the remainder when 822687 is divided by 158?
139
What is the remainder when 112620340 is divided by 117?
1
Calculate the remainder when 5974446 is divided by 3610.
3506
Calculate the remainder when 620849 is divided by 206621.
986
Calculate the remainder when 84911 is divided by 632.
223
What is the remainder when 378775 is divided by 77?
12
Calculate the remainder when 17411999 is divided by 1000.
999
Calculate the remainder when 4148593 is divided by 2065.
8
Calculate the remainder when 100108 is divided by 943.
150
What is the remainder when 29154658 is divided by 3239406?
4
Calculate the remainder when 2918107 is divided by 63436.
51
What is the remainder when 425475 is divided by 2056?
1939
What is the remainder when 537087 is divided by 57?
33
What is the remainder when 2163717 is divided by 57?
54
What is the remainder when 309498 is divided by 11462?
24
Calculate the remainder when 621761 is divided by 5014.
25
Calculate the remainder when 33130 is divided by 8144.
554
What is the remainder when 212531 is divided by 8851?
107
Calculate the remainder when 341883170 is divided by 284.
278
Calcu